3 is divided by y.
17
Let b(r) = 26*r - 1069. Let l = -30 + 47. Calculate the remainder when b(43) is divided by l.
15
Let q be (-21)/(-4) - 6 - 429/4. Let c = -46 - q. Let y = c - 44. What is the remainder when 51 is divided by y?
15
Suppose -77458 = -55*i + 11862. What is the remainder when i is divided by 65?
64
Suppose -21*y = 4*v - 26*y - 386, v - 93 = 3*y. Let o(z) = -z**3 + 14*z + 22. Calculate the remainder when v is divided by o(-4).
9
Suppose -45 = -2*p + 9. Let k be (-196)/(-10) + (528/55)/(-16). Suppose 0 = 25*h + k*h - 308. What is the remainder when p is divided by h?
6
Suppose -2*n + 182 = -0*n. Calculate the remainder when n is divided by 29 - (-11 + (3 - -5)) - 6.
13
Suppose -3*y + 14 + 4 = 0. Suppose -4*j - 10 = -y*j. Suppose -65 = -j*r + 400. Calculate the remainder when r is divided by 24.
21
Let c(v) = -8*v**2 + 230*v. What is the remainder when 2180 is divided by c(28)?
164
Suppose 124*n + 1657 = 1373 + 7848. What is the remainder when 437 is divided by n?
10
Let c(v) be the second derivative of 0 - 44*v + 1/3*v**4 + 3*v**2 + 13/6*v**3. Calculate the remainder when c(-5) is divided by 5.
1
Suppose 0 = -738*k + 729*k + 1008. Calculate the remainder when 437 is divided by k.
101
Let y be 78/(-4)*(1 - 9/3). Let a = -37 + y. What is the remainder when (a/((-8)/19))/((-2)/32) is divided by 20?
16
Let d(b) = 5*b - 9. Let w(s) = -s + 1. Let m be w(-5). Let t(f) = -f**3 + 4*f**2 + 2*f - 4. Calculate the remainder when d(m) is divided by t(4).
1
Suppose -33 - 24 = -3*q. Suppose 5*g = 3*o + 77, 0 = -g + 13*o - 16*o + q. What is the remainder when 168 is divided by g?
8
Let u(n) = 28*n**2 + 182*n + 886. What is the remainder when u(-5) is divided by 43?
31
Suppose 5*x - 67 = -s, 0 = -41*x + 40*x + 2*s + 9. What is the remainder when 3625 is divided by x?
11
Let r be (0 - -18)/((-36)/72). Let u = r + 90. What is the remainder when u is divided by 11?
10
Suppose 22*l = -3*l + 5035 - 1510. What is the remainder when 370 is divided by l?
88
Suppose 346*r + 5980 = 342*r. What is the remainder when (-2)/(-3)*(r/(-10) + 2) is divided by 45?
11
Let f(t) = -29*t + 135. Let x be f(8). Let m = 152 + x. Calculate the remainder when 1098 is divided by m.
53
Calculate the remainder when 1115 is divided by 1296/15 + 676/(-65) + 10.
83
Let a = -12313 + 13671. Calculate the remainder when a is divided by 15.
8
Suppose 0 = -9*f + 4853 - 4709. Calculate the remainder when 316 is divided by f.
12
Let d = -2020 + 2353. Calculate the remainder when d is divided by 12.
9
Suppose -n = -39052 + 38987. Calculate the remainder when 7146 is divided by n.
61
Suppose 0 = -w + 4*a + 1849, -4*a = 21*w - 16*w - 9125. Calculate the remainder when w/(-124)*(0 + -4) is divided by 157/5 + 4/(-10).
28
Suppose 116*l - 31713 + 3868 = -1165. What is the remainder when l is divided by 29?
27
Let n be 39943/(-295) + -1 + 2/5. Let c = 393 + n. What is the remainder when c is divided by 52?
49
Suppose 2*d - 49 - 21 = -3*b, 35 = d - b. Suppose -4*p + 4*v + 13 = -d, -v + 23 = 4*p. What is the remainder when 4 is divided by p - 3/(-4)*-4?
0
Suppose -232 = 176*m - 177*m - 3*w, -2*m = -2*w - 424. Calculate the remainder when m is divided by 17.
13
Suppose 8*y - 3*y = 15. Suppose 2*s + 1140 = 4*f, 0 = 5*f - y*s + 410 - 1835. Calculate the remainder when f is divided by 97.
91
Let l(h) = h**3 - 11*h**2 - 14*h. Let v be l(11). Let q = v + 278. Suppose 3*p - q = 83. Calculate the remainder when p is divided by 25.
19
Suppose -h - 68 + 115 = 3*a, -61 = -4*a - h. Let z be ((-26)/(-6))/(2/(-6)). Let o = -8 - z. What is the remainder when a is divided by o?
4
What is the remainder when (2842/(-42) - -5)*-3 is divided by 151?
37
Let j = 2523 + -2300. Suppose 3*u = -3*c + 63, c = u + 16 + 9. Calculate the remainder when j is divided by c.
16
Let i(b) = 66*b**2 + 191*b - 9. What is the remainder when 1007 is divided by i(-3)?
11
What is the remainder when 70 is divided by (-2 + 1)/((-8)/(-6) - (-1050)/(-770))?
4
Suppose -t = -924 - 278. What is the remainder when ((-28)/6)/(8 - t/150) is divided by 89?
83
Let k be (-80)/(-14) - (-52)/182. Suppose 4*x = 22 + k. Suppose -13 = -s + 5*o + x, 5*s + 5*o = 10. Calculate the remainder when 7 is divided by s.
2
Suppose 8*a + a - 1296 = 0. Let o = a - 128. Let c = 44 - -34. Calculate the remainder when c is divided by o.
14
Let y = 11128 + -10353. What is the remainder when y is divided by 6?
1
Let u be -32 + 47 + -6 + -1. Suppose -u*x + 231 = -897. Let h(o) = -o**3 - 3*o - 1. What is the remainder when x is divided by h(-2)?
11
Let u be ((-12)/20)/((52/80)/(-13)). Suppose -u*z = -7*z - 65. What is the remainder when 49*(-2 + 3) - 1 is divided by z?
9
Suppose 21*a - 3404 + 3195 = 11719. What is the remainder when a is divided by 57?
55
Let w(r) = 4*r**2 - 127*r + 1450. Calculate the remainder when w(13) is divided by 459.
16
Let o(b) = 34*b**2 + 14*b - 24. Let p be o(7). Suppose 0 = -6*q + p + 84. What is the remainder when q is divided by 18?
16
Let t = -752 + 820. What is the remainder when 74 is divided by t?
6
Let r be (-2 + 2/2)/((-2)/8). Suppose 16 = r*f, 4*k - 2143 - 869 = 5*f. Let g = -521 + k. Calculate the remainder when g is divided by 24.
21
Let s be (39/65)/((-6)/(-20)). Suppose g - 4*t - 19 = 0, -5*g + 4 = s*t - 25. Calculate the remainder when 29 is divided by g.
1
Let y = 2 + 12. Let k = 169 + -154. Suppose 17*z - 16 = k*z. Calculate the remainder when y is divided by z.
6
Suppose 6 - 9 = 2*x + 3*y, -4*x = 3*y + 15. Let z(t) = t**2 + 4*t - 5. What is the remainder when z(x) is divided by ((-3)/(-6))/(2/8)?
1
Suppose -8 = -8*f + 24. Suppose 6*s - 5*s = -u + 8, f*s + 3*u - 29 = 0. Suppose 2*r + s*r = 980. Calculate the remainder when r is divided by 36.
32
Let d(g) = -g**3 - 3*g**2 + 10*g + 135. Calculate the remainder when 17413 is divided by d(0).
133
Suppose 9*q - 186 = 6*q. Let v(d) = -d**3 + 3*d + 2. Let h be v(-2). Calculate the remainder when q is divided by 2/h + (-124)/(-8).
14
Suppose 9*h + 757 - 2109 = 2671. What is the remainder when h is divided by 88?
7
Let l(i) = i**3 + 39*i**2 + 107*i - 35. Let z be l(-36). Calculate the remainder when (z - -65) + 2 + 2 is divided by 34/3 + 2/3.
10
Suppose 32 = 157*g - 166 + 41. What is the remainder when 7 is divided by g?
0
Let k(w) = 4*w**2 + 8*w + 4. Suppose 13*u = 30 + 139. What is the remainder when k(-5) is divided by 4 + 5 + -5 + u?
13
Let k = 11 - 7. Let z = 915 + -909. Calculate the remainder when k*(14/4 + 0) is divided by z.
2
Let n = -917 - -549. Let r = -233 - n. Let c = -81 + r. Calculate the remainder when c is divided by 12.
6
Suppose 7*s = 29 - 15. Suppose 3*c = -2*c + 2*f + 47, -4*f + 38 = s*c. What is the remainder when 11 is divided by c?
0
Suppose -65*l = -296 - 4319. Suppose h = -6 + 30. Calculate the remainder when l is divided by h.
23
Suppose 508 = 8*h - 4*z, 4*h + z = 227 + 30. What is the remainder when 764 is divided by h?
60
Let k(b) = 3*b**2 - 11779*b - 70671. Suppose -u - 3*h = -25, 3*u - 88 = 7*h - 3*h. Calculate the remainder when k(-6) is divided by u.
27
Suppose -5*t = -5*q + 2045, 0 = 54*q - 57*q - t + 1223. What is the remainder when q is divided by 189?
30
Let i = 0 - -2. Suppose 0 = h - 38*a + 41*a - 35, 0 = -4*a. Calculate the remainder when h is divided by 2 - (-11 - (1 - i)).
11
Suppose 327*u = 339*u - 20915 + 3803. Calculate the remainder when u is divided by 9.
4
Let h = 20 - -25. Let d be 1*1/2*(42 + -44). Let k(f) = -29*f - 11. Calculate the remainder when h is divided by k(d).
9
Suppose 5*g = 3*z - 43 - 440, 5*g = -15. Calculate the remainder when z is divided by 10.
6
Let r = -269 - -276. Suppose -r*l = -0*l - 21. What is the remainder when 14 is divided by l?
2
Suppose -34 + 415 = 127*b. Calculate the remainder when 103 is divided by b.
1
What is the remainder when 195 is divided by 11 - (2/((-24)/(-132)) + -138)?
57
Let x(p) = 19*p - p + 17 - 9 - 27. Calculate the remainder when 68 is divided by x(3).
33
Let u(h) = -597*h + 4830. What is the remainder when 4371 is divided by u(8)?
51
Let g = 1586 - -453. Calculate the remainder when g is divided by 170.
169
Let i(w) be the first derivative of w**4/4 - 8*w**3/3 - 3*w**2 - 23*w - 48. What is the remainder when 27 is divided by i(9)?
3
Suppose -81 = 6*p - 5*p. Let w = -67 - p. Suppose 5*